prime factors of 1232?
2, 7, 11
List the prime factors of 1343.
17, 79
List the prime factors of 148.
2, 37
What are the prime factors of 2630?
2, 5, 263
What are the prime factors of 1309?
7, 11, 17
List the prime factors of 1962.
2, 3, 109
What are the prime factors of 4439?
23, 193
List the prime factors of 5248.
2, 41
List the prime factors of 6707.
19, 353
What are the prime factors of 3419?
13, 263
List the prime factors of 23570.
2, 5, 2357
What are the prime factors of 2654?
2, 1327
What are the prime factors of 181456?
2, 11, 1031
List the prime factors of 334.
2, 167
List the prime factors of 2161.
2161
List the prime factors of 13844.
2, 3461
List the prime factors of 9817.
9817
List the prime factors of 775.
5, 31
List the prime factors of 2739.
3, 11, 83
List the prime factors of 619.
619
What are the prime factors of 98652?
2, 3, 8221
List the prime factors of 690.
2, 3, 5, 23
List the prime factors of 889.
7, 127
What are the prime factors of 1773?
3, 197
What are the prime factors of 133361?
19, 7019
What are the prime factors of 2195?
5, 439
List the prime factors of 3453.
3, 1151
List the prime factors of 1882.
2, 941
List the prime factors of 2240.
2, 5, 7
What are the prime factors of 5415?
3, 5, 19
What are the prime factors of 3189?
3, 1063
What are the prime factors of 649?
11, 59
List the prime factors of 64671.
3, 21557
List the prime factors of 1225.
5, 7
List the prime factors of 65050.
2, 5, 1301
List the prime factors of 7003.
47, 149
What are the prime factors of 37418?
2, 53, 353
List the prime factors of 648.
2, 3
List the prime factors of 1387.
19, 73
What are the prime factors of 15453?
3, 17, 101
What are the prime factors of 21862?
2, 17, 643
List the prime factors of 19899.
3, 11, 67
List the prime factors of 9713.
11, 883
List the prime factors of 1551.
3, 11, 47
List the prime factors of 6327.
3, 19, 37
List the prime factors of 1705.
5, 11, 31
List the prime factors of 102522.
2, 3, 7, 2441
What are the prime factors of 939?
3, 313
What are the prime factors of 11013?
3, 3671
What are the prime factors of 25681?
61, 421
What are the prime factors of 51316?
2, 12829
What are the prime factors of 3093?
3, 1031
What are the prime factors of 1242?
2, 3, 23
What are the prime factors of 2276?
2, 569
List the prime factors of 882.
2, 3, 7
List the prime factors of 20036.
2, 5009
List the prime factors of 665.
5, 7, 19
List the prime factors of 787.
787
List the prime factors of 58538.
2, 29269
What are the prime factors of 12822?
2, 3, 2137
What are the prime factors of 1303?
1303
What are the prime factors of 68807?
83, 829
List the prime factors of 8773.
31, 283
List the prime factors of 34489.
7, 13, 379
What are the prime factors of 6098?
2, 3049
List the prime factors of 15525.
3, 5, 23
List the prime factors of 17185.
5, 7, 491
What are the prime factors of 9771?
3, 3257
What are the prime factors of 38?
2, 19
What are the prime factors of 1224?
2, 3, 17
List the prime factors of 16178.
2, 8089
What are the prime factors of 83371?
263, 317
What are the prime factors of 3212?
2, 11, 73
List the prime factors of 487.
487
List the prime factors of 170073.
3, 6299
What are the prime factors of 1012?
2, 11, 23
List the prime factors of 5919.
3, 1973
List the prime factors of 155722.
2, 7, 227
List the prime factors of 1410.
2, 3, 5, 47
List the prime factors of 25511.
97, 263
List the prime factors of 3255.
3, 5, 7, 31
What are the prime factors of 3945?
3, 5, 263
What are the prime factors of 1753?
1753
List the prime factors of 701.
701
What are the prime factors of 1202?
2, 601
List the prime factors of 23045.
5, 11, 419
What are the prime factors of 2263?
31, 73
List the prime factors of 16761.
3, 37, 151
What are the prime factors of 8593?
13, 661
List the prime factors of 2756.
2, 13, 53
What are the prime factors of 8517?
3, 17, 167
List the prime factors of 5192.
2, 11, 59
What are the prime factors of 322?
2, 7, 23
What are the prime factors of 2332?
2, 11, 53
What are the prime factors of 1815?
3, 5, 11
List the prime factors of 3531.
3, 11, 107
What are the prime factors of 128826?
2, 3, 17, 421
What are the prime factors of 2441?
2441
What are the prime factors of 1755?
3, 5, 13
List the prime factors of 943.
23, 41
List the prime factors of 28214.
2, 14107
What are the prime factors of 1624?
2, 7, 29
List the prime factors of 156.
2, 3, 13
What are the prime factors of 2705?
5, 541
List the prime factors of 43249.
61, 709
List the prime factors of 44781.
3, 11, 23, 59
What are the prime factors of 764?
2, 191
What are the prime factors of 221?
13, 17
List the prime factors of 4486.
2, 2243
What are the prime factors of 9069?
3, 3023
List the prime factors of 18725.
5, 7, 107
What are the prime factors of 10688?
2, 167
What are the prime factors of 1069?
1069
What are the prime factors of 54013?
54013
What are the prime factors of 101693?
101693
What are the prime factors of 24587?
23, 1069
List the prime factors of 264.
2, 3, 11
List the prime factors of 17795.
5, 3559
What are the prime factors of 7768?
2, 971
What are the prime factors of 9935?
5, 1987
What are the prime factors of 6864?
2, 3, 11, 13
What are the prime factors of 4268?
2, 11, 97
What are the prime factors of 793?
13, 61
List the prime factors of 16807.
7
List the prime factors of 35319.
3, 61, 193
What are the prime factors of 4838?
2, 41, 59
List the prime factors of 12297.
3, 4099
What are the prime factors of 9512?
2, 29, 41
List the prime factors of 2841.
3, 947
List the prime factors of 65901.
3, 11, 1997
What are the prime factors of 88665?
3, 5, 23, 257
List the prime factors of 897.
3, 13, 23
What are the prime factors of 18636?
2, 3, 1553
List the prime factors of 1174.
2, 587
What are the prime factors of 7692?
2, 3, 641
List the prime factors of 5284.
2, 1321
What are the prime factors of 1139?
17, 67
List the prime factors of 22936.
2, 47, 61
What are the prime factors of 3356?
2, 839
List the prime factors of 22712.
2, 17, 167
List the prime factors of 169.
13
List the prime factors of 847.
7, 11
What are the prime factors of 915?
3, 5, 61
List the prime factors of 22345.
5, 41, 109
List the prime factors of 3581.
3581
List the prime factors of 2949.
3, 983
List the prime factors of 15635.
5, 53, 59
List the prime factors of 14222.
2, 13, 547
List the prime factors of 3430.
2, 5, 7
List the prime factors of 3309.
3, 1103
List the prime factors of 10044.
2, 3, 31
List the prime factors of 3718.
2, 11, 13
What are the prime factors of 92293?
17, 61, 89
List the prime factors of 1811.
1811
List the prime factors of 8918.
2, 7, 13
List the prime factors of 9888.
2, 3, 103
List the prime factors of 1621.
1621
What are the prime factors of 15039?
3, 557
List the prime factors of 49013.
23, 2131
List the prime factors of 588.
2, 3, 7
What are the prime factors of 1347?
3, 449
List the prime factors of 572.
2, 11, 13
What are the prime factors of 75073?
37, 2029
What are the prime factors of 1232?
2, 7, 11
What are the prime factors of 58232?
2, 29, 251
List the prime factors of 16885.
5, 11, 307
List the prime factors of 65902.
2, 83, 397
List the prime factors of 13274.
2, 6637
List the prime factors of 36550.
2, 5, 17, 43
What are the prime factors of 10075?
5, 13, 31
List the prime factors of 7551.
3, 839
What are the prime factors of 41801?
41801
What are the prime factors of 1192?
2, 149
List the prime factors of 1049.
1049
What are the prime factors of 4156?
2, 1039
List the prime factors of 8679.
3, 11, 263
What are the prime factors of 2148?
2, 3, 179
What are the prime factors of 814?
2, 11, 37
What are the prime factors of 1040?
2, 5, 13
List the prime factors of 131.
131
List the prime factors of 48733.
48733
What are the prime factors of 7013?
7013
What are the prime factors of 23810?
2, 5, 2381
What are the prime factors of 29296?
2, 1831
List the prime factors of 3534.
2, 3, 19, 31
What are the prime factors of 1765?
5, 353
What are the prime factors of 31899?
3, 7, 31
What are the prime factors of 58940?
2, 5, 7, 421
List the prime factors of 3949.
11, 359
What are the prime factors of 23878?
2, 11939
List the prime factors of 41466.
2, 3, 6911
List the prime factors of 2128.
2, 7, 19
What are the prim